2 and 1209958.
646
What is the highest common factor of 716784 and 75408?
48
What is the highest common factor of 74 and 5808926?
74
What is the highest common divisor of 24216497 and 313?
313
What is the highest common divisor of 139271 and 36832?
1151
Calculate the greatest common divisor of 149074081 and 2626.
1313
Calculate the highest common factor of 40 and 329195830.
10
What is the greatest common divisor of 278640431 and 31?
31
Calculate the greatest common factor of 36 and 71680239.
9
What is the greatest common factor of 337075 and 31525?
2425
Calculate the greatest common factor of 32896 and 1977872.
4112
Calculate the greatest common factor of 10494 and 44154.
198
What is the greatest common divisor of 49833 and 787949?
113
What is the greatest common divisor of 13640601 and 663?
39
Calculate the greatest common factor of 327 and 592848275.
109
What is the greatest common divisor of 371 and 80728646?
53
Calculate the highest common factor of 83572062 and 12.
6
What is the highest common factor of 245700 and 26355?
105
Calculate the greatest common divisor of 609 and 125772913.
203
What is the greatest common divisor of 4313 and 276545?
19
Calculate the greatest common factor of 74660 and 15.
5
What is the greatest common divisor of 78788118 and 3732?
1866
What is the highest common factor of 3980544 and 12?
12
Calculate the greatest common factor of 102022491 and 1734.
867
What is the highest common factor of 5088437 and 61?
61
Calculate the greatest common divisor of 260360 and 18952.
184
What is the highest common factor of 4131203 and 31007?
101
What is the highest common factor of 3891744 and 316224?
288
Calculate the greatest common factor of 28468407 and 3602.
1801
Calculate the greatest common factor of 16518375 and 72.
9
Calculate the highest common factor of 25970 and 156880.
530
What is the greatest common divisor of 14705996 and 1387?
73
What is the highest common factor of 15402 and 2755146?
906
What is the greatest common factor of 2944 and 115000?
184
What is the greatest common divisor of 40672300 and 9515?
865
What is the greatest common factor of 3810248 and 9412?
52
What is the highest common divisor of 391835994 and 132?
66
Calculate the highest common factor of 65977289 and 119.
119
What is the highest common factor of 3357774 and 5586?
294
What is the highest common factor of 12216961 and 28582?
461
Calculate the greatest common divisor of 5796 and 1145952.
828
What is the greatest common factor of 92510 and 11990?
110
Calculate the greatest common divisor of 756639 and 8439.
87
What is the highest common factor of 34639659 and 6902?
493
Calculate the highest common divisor of 186632397 and 2457.
189
What is the greatest common divisor of 44 and 2490037?
11
Calculate the greatest common factor of 1855849 and 27.
1
Calculate the greatest common divisor of 31870 and 39910.
10
Calculate the highest common divisor of 2327 and 304300.
179
Calculate the greatest common divisor of 177641093 and 63.
7
Calculate the highest common divisor of 2112 and 36369856.
64
What is the greatest common divisor of 1482130 and 15002?
26
Calculate the highest common divisor of 14 and 7229971.
7
What is the highest common factor of 136016620 and 20?
20
What is the highest common factor of 99664976 and 333?
37
What is the greatest common divisor of 19135 and 1470725?
445
Calculate the greatest common factor of 4683291 and 75.
3
What is the highest common factor of 9238 and 2077?
31
What is the greatest common factor of 43850989 and 455?
91
Calculate the greatest common divisor of 35119 and 749.
7
Calculate the greatest common divisor of 39120 and 142788.
1956
Calculate the greatest common divisor of 130 and 3049274.
2
What is the highest common factor of 2 and 42675168?
2
Calculate the greatest common divisor of 50010353 and 193.
193
Calculate the greatest common divisor of 686 and 26735086.
98
Calculate the highest common factor of 7453383 and 112035.
2037
Calculate the greatest common divisor of 124251 and 350841.
249
What is the highest common factor of 1130323 and 289958?
1283
Calculate the greatest common divisor of 20827 and 2347374.
59
Calculate the highest common divisor of 6104470 and 510.
10
Calculate the greatest common factor of 81379719 and 81.
9
What is the greatest common factor of 45815 and 14962640?
2695
Calculate the highest common factor of 13150926 and 138.
6
Calculate the highest common divisor of 1088 and 4603840.
64
What is the highest common factor of 634 and 1199698863?
317
Calculate the greatest common divisor of 5290 and 341096555.
2645
Calculate the highest common divisor of 58679096 and 56.
56
Calculate the highest common factor of 268577 and 168413.
491
What is the highest common factor of 1042804160 and 640?
320
What is the greatest common factor of 263172 and 36036?
1092
Calculate the highest common divisor of 59314 and 5264.
94
Calculate the highest common factor of 1653669 and 351.
27
Calculate the greatest common factor of 161652 and 273828.
228
Calculate the highest common divisor of 35545 and 365.
5
Calculate the greatest common factor of 74698 and 25092.
34
What is the greatest common divisor of 18081 and 124473622?
2009
What is the greatest common divisor of 252 and 2500812?
36
Calculate the greatest common factor of 48903868 and 1352.
676
What is the highest common factor of 824872895 and 13090?
6545
What is the highest common factor of 4417 and 32668132?
4417
Calculate the greatest common factor of 15232 and 131070.
34
What is the greatest common divisor of 65270817 and 140211?
5193
Calculate the highest common factor of 7778324 and 49796.
236
What is the highest common divisor of 3349 and 55624?
17
Calculate the highest common divisor of 128 and 2547456.
128
What is the highest common divisor of 1608 and 5509276?
268
What is the highest common divisor of 8720 and 12531512?
872
Calculate the greatest common divisor of 2217624 and 138.
6
What is the highest common divisor of 39222 and 11574?
18
What is the greatest common divisor of 428498 and 686?
14
Calculate the greatest common divisor of 1248 and 14371344.
624
Calculate the highest common divisor of 5270292 and 81.
27
Calculate the greatest common divisor of 433863063 and 1668.
417
Calculate the highest common factor of 1627812 and 46350.
1854
Calculate the highest common divisor of 342905481 and 162.
81
What is the greatest common factor of 30342231 and 5913?
657
Calculate the highest common factor of 3611138 and 460.
46
What is the highest common factor of 17267 and 368497?
31
What is the greatest common factor of 836473 and 202895?
341
What is the highest common factor of 3 and 183414675?
3
What is the highest common divisor of 542110 and 1886?
46
What is the highest common factor of 41130922 and 2380?
238
Calculate the highest common factor of 35 and 67401859.
7
Calculate the greatest common factor of 20832 and 12714030.
1302
Calculate the greatest common divisor of 31512989 and 7646.
3823
What is the greatest common divisor of 81 and 574004799?
81
Calculate the highest common factor of 1167750 and 344385.
135
Calculate the greatest common factor of 793956 and 7739.
109
Calculate the greatest common divisor of 70 and 395962.
14
What is the highest common divisor of 19705 and 287945?
35
What is the highest common factor of 8447813 and 15023?
181
What is the greatest common factor of 75 and 328357025?
25
What is the greatest common factor of 1024 and 4076672?
128
What is the greatest common factor of 548 and 2381471?
137
What is the highest common factor of 23778 and 639?
9
Calculate the greatest common factor of 9724 and 9257924.
52
Calculate the highest common divisor of 10836 and 360768366.
5418
What is the greatest common factor of 83796 and 15408?
12
Calculate the highest common factor of 3095 and 214995.
5
What is the greatest common divisor of 121515 and 47715?
15
What is the greatest common divisor of 16960 and 315340672?
3392
Calculate the highest common divisor of 38 and 30217163.
19
What is the highest common factor of 3634 and 1140800?
46
Calculate the highest common divisor of 302491752 and 168.
24
Calculate the highest common divisor of 21249160 and 128.
8
What is the greatest common factor of 1358409 and 450424?
793
Calcu